 t and 6.
2
Suppose -40 = -u + 4*y, 0 = 4*u - 3*y + y - 104. Let i = -60 + 72. What is the greatest common factor of i and u?
12
Suppose -4*w - 6458 = -2*s, w + 2002 = 5*s + 383. Let v be w/(-30) + 2/10. Calculate the greatest common divisor of 135 and v.
27
Suppose 5*i - 665 = -2*f, -399 = -3*i - 3*f + 2*f. What is the greatest common factor of i and 19?
19
Suppose 96 = 4*j + 4*y, -82 = -3*j - 4*y - 7. What is the highest common divisor of j and 42?
21
Let a(i) = i**2 - 3*i - 2. Let l be a(5). What is the greatest common factor of l and 56?
8
Let s be 2/8 - (-2)/(-8). Let o(k) be the second derivative of k**3/6 + 30*k**2 + 4*k. Let c be o(s). What is the highest common divisor of c and 12?
12
Let f(t) = t - 2. Let j be f(0). Let g be 60/(2 - j/(-4)). Calculate the greatest common divisor of 10 and g.
10
Let r = -13 + 104. Suppose 4*x - 24 - 28 = 0. Let i be 1*-4*x/(-4). What is the highest common divisor of i and r?
13
Let w be 18/7 - (-12)/28. Suppose 60 = -w*c + 168. Calculate the greatest common divisor of c and 4.
4
Let n be (-16)/(-24) + 28/(-6). Let b(z) = -24*z + 3. Let c be b(n). What is the highest common divisor of 11 and c?
11
Suppose -14 + 47 = 3*h. Suppose 5 = h*k - 10*k. Let y(f) = f**3 - 5*f**2 + f - 7. Let o be y(6). Calculate the greatest common divisor of k and o.
5
Suppose 0*o = 3*o - 15. Suppose 4*u - 4*i = 0, 3*i - 18 = -o*u + 2*i. What is the greatest common factor of u and 3?
3
Let x be (-6)/(-15)*(-5)/(-1). Suppose 0 = -x*c + c. Suppose 0*d + d - 63 = c. What is the greatest common factor of 9 and d?
9
Let x(t) = t**2 + 11*t + 4. Let k be x(-11). Let z(b) = -b + 20. Let w be z(0). Calculate the greatest common factor of w and k.
4
Let j be 8/(-12) - 8/6 - -42. Calculate the highest common factor of j and 8.
8
Let t be (-6)/(-7)*-15*56/(-6). What is the greatest common divisor of 12 and t?
12
Let u(f) = -f**3 + 6*f**2 + f + 1. Let s be u(7). Let m = -26 - s. What is the greatest common factor of m and 45?
15
Suppose 4*i - x = 2*x + 243, -5*x + 15 = 0. Let z(d) = d**3 + 8*d**2 + 5*d + 7. Let m be z(-7). What is the highest common factor of i and m?
21
Let v = 4 - -1. Let u be 149 + v + -2 + 0. What is the highest common factor of u and 19?
19
Let y(j) = j**3 + 15*j**2 - 5*j - 3. Let m(n) = n**3 + 1. Let u(a) = 2*m(a) - y(a). Let c be u(15). What is the highest common factor of c and 16?
16
Let a = 40 + -30. What is the greatest common factor of a and 10?
10
Let i be 2/(-7) - 1376/(-112). Let w(j) = j**3 - 4*j**2 + 6*j. Let t be w(4). Calculate the highest common factor of t and i.
12
Let n be ((-1)/2)/(2/(-8)). Suppose -3*k + 2*y + 2 = 0, n*k + 5*y - y = -4. Suppose k = 3*l - 5*l + 16. Calculate the greatest common divisor of l and 16.
8
Let t(w) = -18*w. Let a be t(-1). Suppose -b = -2*b + a. What is the greatest common divisor of 12 and b?
6
Let r(h) = h**2 + 5*h + 6. Let d be r(-5). Let f(i) = 0 + 8*i**2 - 2*i**3 + 3*i**3 + 2. Let p be f(-4). Calculate the highest common factor of p and d.
6
Let r = 8 + -5. Suppose 13 = -r*c + 34. Suppose 0 = -2*y + y + v + 79, 3*y + v = 229. What is the highest common factor of y and c?
7
Let g(i) = i**3 - 24*i**2 + 54. Let h be g(24). What is the highest common divisor of h and 6?
6
Suppose g = 5*g - 72. What is the highest common divisor of 2 and g?
2
Let q = -7 - -4. Let b = q - -11. What is the highest common divisor of 8 and b?
8
Suppose 101 = o + 5*l, 3*o + 3*l - 355 = l. Suppose 4*i + 174 = 2*m, 158 + o = 3*m + 3*i. What is the greatest common divisor of 13 and m?
13
Let f(g) = -15*g**3 + 2*g + 2. Let y be f(-1). Calculate the greatest common divisor of 60 and y.
15
Let t(i) = 4*i + 9. Let f be t(7). Let h = 227 - f. Suppose 57 = 5*m - 38. What is the greatest common factor of m and h?
19
Let u(g) = -g**2 - 17*g - 14. Let p be u(-14). Suppose i - p = -i. Let b(n) = 5*n**2 - 4*n + 2. Let s be b(-4). Calculate the greatest common factor of i and s.
14
Let o be (-11)/(-3) + 2/6. Suppose -5 = -o*z + 3. Suppose z*l + 10 = 0, 3*i - 5*l = -0*i + 214. Calculate the highest common factor of i and 7.
7
Let r be (-3)/(-2)*(-8)/(-3). What is the highest common divisor of 28 and r?
4
Let i(h) = -h**2 + 6*h + 10. Let y be i(5). Suppose 0*w - w + 85 = 5*b, -3*w - b = -311. Calculate the highest common divisor of y and w.
15
Suppose -18 = -4*g + 2. Suppose 0*i + 40 = 5*f + 4*i, 0 = -g*i - 25. Let v(u) = -u - 2. Let t be v(-5). What is the greatest common factor of f and t?
3
Let o(b) = 2*b**2 - 4 + 3*b + 1 + 11*b**3 + 0. Let w = -4 + 6. Let s be o(w). What is the highest common factor of 9 and s?
9
Suppose 0 = -2*p - o + 269, -p - 2*o + 5*o = -145. What is the greatest common factor of 340 and p?
68
Let t be 1078/9 - 16/(-72). Let q = t + -69. Calculate the greatest common divisor of q and 17.
17
Let m be -2 + 0 + 10 - 2. Suppose g + 4*l = -1, -m*g + 7 = -2*g + 5*l. What is the highest common factor of 3 and g?
3
Let r(t) = -t**2 - 11*t. Let d be r(-10). Let g be (-20)/(-3)*18/4. What is the greatest common factor of g and d?
10
Suppose -3*g - 21 = -2*x, 2*x - 3*g - 23 = 2*g. Let l = -5 + x. Let w = 26 + 6. What is the highest common factor of l and w?
4
Let u be 24/48 - (-27)/2. What is the greatest common divisor of 126 and u?
14
Suppose f + 5*s + 92 - 312 = 0, 0 = -4*f + 2*s + 902. Suppose 4*n = 3*n + f. Let j be ((-1)/3)/((-5)/n). Calculate the greatest common factor of j and 90.
15
Let v = -3 + 2. Let c be 2 + 0 - (v - 1). Let t(s) = 4*s + 8. Let q be t(7). Calculate the highest common divisor of q and c.
4
Let j(v) = v**2 + 6*v - 4. Let d be j(4). Suppose -2*c - 4 = -4*f, -c + 3*f - 6 = 2*c. Let p be c/6 - 37/(-3). What is the highest common divisor of p and d?
12
Let r be ((-72)/42)/((-2)/154). Calculate the highest common factor of 12 and r.
12
Suppose 2 = -r + 10. What is the greatest common factor of r and 8?
8
Suppose -2*n - 10 = -16. What is the greatest common divisor of 33 and n?
3
Let z be (-8)/14*7/(-2). Let c(a) = -a + 10. Let y be c(-6). Calculate the greatest common divisor of z and y.
2
Let j(f) = -3*f + 2. Let a(g) = -g**3 - 10*g**2 - 10*g - 11. Let o be a(-9). Let m be j(o). Let r = 3 + 5. What is the highest common divisor of m and r?
8
Let m be ((-168)/(-96))/(2/(1*24)). Calculate the highest common factor of m and 7.
7
Let d be 5 + (-174)/36 + 215/6. Calculate the highest common factor of 24 and d.
12
Let a(x) = -x**3 - 4*x**2 + 5*x - 4. Let v be a(-7). Calculate the greatest common factor of 4 and v.
4
Suppose 6*n + 760 = 2*n. Let g be 2/8 - n/8. Calculate the highest common factor of g and 36.
12
Suppose 2*d - 5 + 1 = 0. Let g(q) = q**3 - 2*q**2 - 3*q - 2. Let h be g(3). Let u be h - (-15 + (-2)/2). Calculate the greatest common factor of d and u.
2
Let f = 9 + 3. Suppose -2*s = 5*d + 55, 12 = 3*d - 4*s + 45. Let m = d - -17. Calculate the highest common factor of m and f.
6
Let z be (-297)/(-3)*2/3. Calculate the highest common divisor of z and 11.
11
Let f = -18 - -33. Calculate the greatest common divisor of f and 6.
3
Let p = 41 - 23. What is the highest common divisor of p and 45?
9
Suppose -l - 10 = 7*q - 2*q, 4*q = -8. Suppose -35 = -2*t + 5*d, 3*d + l*d + 135 = 5*t. What is the greatest common divisor of t and 6?
6
Let m = -22 + 26. What is the greatest common divisor of m and 6?
2
Let n be 0 + (-12 + 8 - (-26 - 2)). Calculate the highest common divisor of n and 8.
8
Let u be 41*3 - (-43 - -49). Calculate the greatest common factor of u and 13.
13
Let l be 45/(-2)*36/(-15). Suppose 3*k = m - 132, l = k - 2*k - 3*m. Let n be -20*(2 - k/(-6)). Calculate the greatest common divisor of n and 10.
10
Let b(v) = v**3 + 11*v**2 + 7*v + 6. Let o be b(-10). Calculate the highest common divisor of 54 and o.
18
Let h(q) = -2*q**2 + 6*q + 7*q**2 - 6*q**2. Let i be h(5). What is the highest common factor of 5 and i?
5
Suppose 68 = 2*n + 2*n. Suppose s - 2*a = 60, -4*a - 62 - 194 = -4*s. Calculate the greatest common divisor of s and n.
17
Let x(z) = z + 27. Let h(c) = -3*c - 55. Let t(n) = 2*h(n) + 5*x(n). Let q be t(0). Calculate the greatest common factor of q and 200.
25
Let l(r) = r**3 + 7*r**2 + 5*r - 1. Let s be l(-4). Suppose -s = -n - 0*n. Suppose 2*m - n = -m. What is the highest common factor of 90 and m?
9
Let i be 2/17 + (-8972)/(-34). Calculate the great